 3*q + 231, -5*d + q + 376 = 79. What is the units digit of d?
0
Let m(z) = 26*z - 13. What is the tens digit of m(5)?
1
Let k be ((-30)/25)/((-2)/5). Suppose k*z - 5 - 4 = 0. Suppose 0 = z*n - 4*n + 10. What is the units digit of n?
0
Suppose -26*t + 23*t = -183. What is the tens digit of t?
6
Suppose -2*s - 2 = -22. Suppose -o - 20 = 4*o. Let t = s + o. What is the units digit of t?
6
Suppose -7 = -3*a + 2*k - 4*k, -4*k = 2*a + 6. Suppose -a*j = -3*j - 8. What is the units digit of 6/(-8) + 19/j?
4
Let c be 3/(-4) - (-1452)/16. Suppose 64 = 2*o + 5*j, -j - c = -5*o + 4*j. Suppose 2*v - o = -0*v. What is the units digit of v?
1
Suppose -5*g + 3*g + 8 = 0. What is the units digit of ((-14)/4)/((-2)/g)?
7
Let y be ((-10)/(-4))/((-1)/(-18)). Suppose 4*k + 41 = 5*x - 0*k, 5*k = 5*x - y. Let u = x + 10. What is the tens digit of u?
1
Suppose 3*i = 42 + 90. What is the tens digit of i?
4
Let c = 20 - -4. What is the units digit of c?
4
Let h(q) = 3*q**3 - 3*q**2 - 3*q + 7. Let c(s) = -13*s**3 + 11*s**2 + 11*s - 29. Let y(f) = 2*c(f) + 9*h(f). What is the tens digit of y(6)?
1
Let d be (1/(-2))/(1/(-4)). Suppose -d*k + k = -11. What is the tens digit of k?
1
Suppose 0 = 3*p + p - 12. Suppose -18 = -p*i + 21. What is the units digit of i?
3
What is the units digit of -358*-3*2/12?
9
Let l be (3/2)/(6/12). Suppose -l*q = -8*q + 105. What is the tens digit of q?
2
Let h = -5 - -5. Let b be -3 - (-5 - 3 - h). Let o(p) = p**2 - 5*p + 1. What is the units digit of o(b)?
1
Let l(d) be the second derivative of d**5/20 + d**4/6 - d**3/3 - 4*d. What is the units digit of l(2)?
2
Suppose 4*w - 5*v + 1 = 0, -3*w = -2*w - 5*v + 4. Let y = w - -1. Suppose -3*u - 14 = -8*u - y*m, 5*u + 3*m = 11. What is the units digit of u?
4
Let s be 6*2 + (-2 - 1). What is the units digit of 3/s*3*1?
1
What is the hundreds digit of ((-2)/(-2))/(3/9) + 228?
2
Let o = 42 + -72. Suppose -11 = m + 3*n, -2*m - n - 28 = 4. Let b = m - o. What is the units digit of b?
3
Let v(m) be the first derivative of -m**3/3 - 3*m**2 + 3*m + 1. Let l be v(-5). Suppose 4*z - l = 2*q, 4*z = 9*z - 20. What is the units digit of q?
4
Let q = -1 - 9. Let k be (0 - q - 3) + -2. Suppose k*m + 10 = 5*p, -3*p - 1 = 5*m - m. What is the units digit of p?
1
Let m(g) = -4 + 2*g**2 + 5 + 1. Let o be m(3). Suppose -3*y + o = -y. What is the units digit of y?
0
Let r(u) = 2*u. Let t = 25 - 15. Suppose 6 = 4*q - t. What is the units digit of r(q)?
8
Suppose -j = 4*g - 429, g - 59 = -3*j + 62. Suppose r = -r - b + 54, 4*r + 3*b - g = 0. What is the units digit of r?
8
Let y = 205 - 111. What is the units digit of y?
4
Let y = -18 - -25. Suppose 2*w + 9 = -y. What is the units digit of (-10)/(-8) - 6/w?
2
What is the units digit of 1*77 + (-6 - -7)?
8
Let o(p) = 3*p**2 + 4*p + 2. Let i be o(-2). Suppose -5*k = -i*k + 37. What is the units digit of k?
7
Suppose -n = 2*n - 30. Let f = 11 - n. What is the units digit of f?
1
Suppose 0 = 3*w - 5*w + 10. What is the units digit of w?
5
Let z be ((9/(-1))/(-3))/1. Suppose -16 = -z*b + 32. Let c = 30 - b. What is the units digit of c?
4
Suppose 2*f - 19 - 30 = d, 4*f + 2*d = 102. Let x = -15 + f. What is the tens digit of x?
1
Let h(w) be the first derivative of -w**3/2 - 4*w**2 - 2*w + 1. Let u(f) be the first derivative of h(f). What is the tens digit of u(-8)?
1
Let o be (-4 - -4) + (-2 - -6). Suppose 3*q + 35 = y, 3*y - 64 = y + o*q. What is the tens digit of y?
2
Suppose -2*g + 2 = h - 4, -3*g = h - 8. Suppose h*x + 0*w + 2*w - 78 = 0, 12 = 3*w. What is the tens digit of x?
3
Let r = 0 + 4. Suppose 4*y - 4*i + 4 = 0, 10 = r*y + i + 2*i. What is the units digit of y?
1
Let k(h) = -3*h - 2 + 2*h + 2*h. Let q be k(4). Suppose 2*o - 4 + q = 0. What is the units digit of o?
1
Suppose 4*r - 12 - 4 = 0. Let s = 7 + -4. Suppose -4*q + 1 = r*n - q, s = -n - 4*q. What is the units digit of n?
1
Let a be 4 + -1 + (5 - -4). Suppose -a = -l - 0*l. What is the units digit of l?
2
Let o(b) = b**2 - 3*b + 3. What is the units digit of o(2)?
1
Let p(n) = -5*n + 2. Let s(b) = 1. Let u(z) = -2*p(z) + 10*s(z). What is the units digit of u(2)?
6
Suppose 3*r = 5*r - 5*h - 3, -5*r = -5*h. Let x(d) = -2*d - 5. Let v be x(-4). What is the units digit of 8 - (v - (2 + r))?
6
Let o(g) be the third derivative of g**6/120 - g**5/15 + g**4/4 + g**3 + g**2. Let j be o(5). Suppose 5*u = j + 4. What is the tens digit of u?
1
Let w(l) = l + 15. Let h be w(-12). Suppose 10 = 2*v, h*z - 59 = -z + 5*v. What is the units digit of z?
1
Suppose 2*u + 4 = u. What is the units digit of 12/(-2)*u/3?
8
Suppose -6*d - 16 - 68 = 0. Let v = 31 + d. What is the tens digit of v?
1
Suppose -128 - 132 = -4*h. What is the tens digit of h?
6
Suppose 2*b + 4*y = -10, 0*y + 10 = -5*b + 5*y. What is the tens digit of 2 - (-14 + 0 + b)?
1
Let b(l) = l + 2. Let f be b(-2). What is the units digit of 3/1 - (f + 1)?
2
Suppose v - 1 = -3*i + 2*v, 4*i - 5*v + 17 = 0. Suppose -4*y = -2 - i. What is the units digit of y?
1
Let p = -6 + 56. What is the units digit of p?
0
Let t(n) = 66*n + 1. What is the tens digit of t(1)?
6
Let b be (-1)/3 + 20/(-3). Let a(t) = -t**3 - 8*t**2 - 8*t - 3. What is the units digit of a(b)?
4
Let a = -99 - -140. What is the units digit of a?
1
Let n be (-14)/4*(-9 + 3). Suppose -2*g + 26 = -5*z - n, 3 = -2*g - 5*z. What is the tens digit of g?
1
Let l(p) = -p**3 - 8*p**2 + 9*p - 1. Let c be l(-9). Let m(o) = -22*o + 1. What is the tens digit of m(c)?
2
Suppose 0*h + 10 = h. Suppose 7*m - 5*m = 12. What is the units digit of m/6*h/2?
5
Suppose 1 = -4*p + 17. Suppose 3*j - 132 = -4*x, 9*x - 165 = p*x + j. What is the tens digit of x?
3
Let j(t) = -9*t - 2. Let a be j(-2). Let v = a - 6. What is the tens digit of v?
1
Suppose -4*r + 8 = 0, -i + 0*i - r = -26. What is the tens digit of i?
2
What is the units digit of ((-76)/12)/((-1)/3)?
9
Let r be 12/10*50/15. Let q be (-2)/8 - (-1)/r. Suppose -p = -q*p - 10. What is the tens digit of p?
1
Suppose j + 20 = -5*g + 1, 0 = -4*j - 2*g - 22. Let y(z) = 3*z + 2*z - z + 2*z**2 - 1. What is the units digit of y(j)?
5
Let s = 17 - 10. Suppose -4*u - y + 165 = 0, -4*u - s*y = -2*y - 185. What is the tens digit of u?
4
Let a(p) be the first derivative of -p**3/3 + 5*p**2 - 8*p + 1. Let g be a(8). Suppose 7*q = 3*q + g. What is the units digit of q?
2
What is the units digit of 4/3 + (1864/12)/2?
9
Let c(u) = -2*u - 6. Let t be c(-5). Let f = t - -2. Suppose 0 = -p + f*p - 50. What is the units digit of p?
0
Let h = -11 + 16. Suppose -f - 5 = 4*f, h*z - 58 = 3*f. What is the tens digit of z?
1
Let q be (-1)/2*2*-2. What is the units digit of (-20)/(-3)*3/q?
0
What is the units digit of 81/4 - (-1)/(-4)?
0
Suppose a + 5 = -7. Let j be (a/15)/((-1)/5). What is the units digit of 10*(6/j - 1)?
5
Let r = 166 + 60. What is the hundreds digit of r?
2
Let z(c) = -4*c**3 - 10*c**2 - 13*c + 4. What is the units digit of z(-5)?
9
Let v(t) = 2*t + 4. Let a be v(-5). Let n be 24/(2 - (-3)/a). Let i = 23 - n. What is the units digit of i?
7
Let h be -2*1*(-21)/14. What is the tens digit of ((-156)/18)/((-2)/h)?
1
Let a(q) = -q**3 + 3*q**2 - 3*q + 2. Let j be a(2). Suppose -3*w + 4*w - 4 = j. Suppose w*g - 13 = 5*n, -5*g - 2*n + 8 = -0*n. What is the units digit of g?
2
Let d be (-5 - 1) + 3 - -5. Suppose 0 = -2*p + 7*p - d*j - 14, 9 = 3*j. What is the units digit of p?
4
Let s be 4/7*49/14. What is the units digit of (-1)/s*-2 + 2?
3
Suppose -y = -6 + 2. Suppose 0 = -p - 2*p - y*i - 31, -18 = 2*p + 4*i. Let d = 1 - p. What is the tens digit of d?
1
Let i = 4 - 7. What is the units digit of 3 - (i - 2) - 3?
5
Suppose -r = -3*r + 80. What is the tens digit of r?
4
Let n(g) = g**2 - 17*g + 12. Let c be n(16). Let w(y) = y**3 + 4 + 2*y**3 - 4*y**3 - 3*y**2 + 4*y. What is the units digit of w(c)?
4
Suppose 2*x = 2, -x - x = -4*i + 18. Let f(m) = m**3 + 4*m**2 - 6*m - 2. Let q be f(-5). Suppose -i - 25 = -q*y. What is the units digit of y?
0
Suppose 2*u - 3*j - 353 = 0, 3*j = -2*u - 0*j + 335. What is the tens digit of u?
7
Let i(o) = -o**2 - 3*o - 15. Let s be i(-7). Let r = s + 79. What is the tens digit of r?
3
Let s(l) = -l**2 + 4*l + 1. Let w be s(3). Suppose 0 = -5*v + 2*v - w*z + 29, -v = -2*z - 3. What is the units digit of v?
7
Let z be ((1*18)/(-3))/(-1). Let d(y) = -